1) + 6. Suppose t*m = -0*m + 267. Is m a prime number?
True
Let m = 8 - 2. Suppose 6*u = 2*u + 336. Suppose -m*p = -10*p + u. Is p a composite number?
True
Let o(l) = 69*l**3 - 3*l**2 - 7*l + 199. Is o(8) a composite number?
False
Let g = 672 - -235. Is g a composite number?
False
Suppose -1854 = -21*d + 15*d. Is -1 - (2 + -1 - d) a prime number?
True
Suppose -12*d - 4*o + 3378 = -7*d, 4*o = 4*d - 2688. Is d prime?
False
Is 187488/64 + 3/4*2 prime?
False
Let b = 3 - 1. Suppose -b*c = c - 6. Suppose 0 = c*i - 0 - 118. Is i a composite number?
False
Suppose -72 = -2*y - 22. Let s(b) = -10*b**2 + y*b**2 + 18*b**2. Is s(1) prime?
False
Suppose -2*c - d = -10639, 5322 = -6*c + 7*c + d. Is c prime?
False
Let p = 15 + -13. Suppose 0 = -3*v - p*v - 775. Is (-1 - 0)/(1/v) composite?
True
Suppose -33*k + 4286 = -6142. Let m = -461 - -272. Let p = k - m. Is p a prime number?
False
Let a(p) = 5*p + 10. Let q be a(10). Let t = -20 + 3. Let d = q + t. Is d prime?
True
Let w(n) = 345*n + 98. Is w(17) a prime number?
False
Let i(j) = 11*j**3 - 2*j**2 + 2 - 8*j**3 + 18*j**3 - 52*j**3. Let y be i(-2). Suppose -20*l + y = -18*l. Is l prime?
False
Is -16 - -10 - (2 - 82) a prime number?
False
Suppose j - 7*j = -24. Suppose -j*m - m = -5. Is (7/(-7))/(m/(-21)) a prime number?
False
Let w(j) = -j**2 - 12*j + 4. Let s be w(-12). Suppose -3*p - y + 22 = 2*p, -s*p + 14 = -y. Suppose 4 = -p*g, 3*h - 3*g = -g + 95. Is h composite?
False
Is 705 + (-1)/(3/12) prime?
True
Suppose 839 = 683*a - 682*a. Is a prime?
True
Suppose -2*s - 2*d = -816 - 520, -3*s + 2022 = -3*d. Is s a composite number?
True
Suppose 275 = 11*v - 6*v. Is (2 + 9)*v/5 a composite number?
True
Suppose 8 = 2*u - 0. Is ((-35)/(-15) - 1)*1266/u a composite number?
True
Let l = -2 + 6. Suppose 7*g - l*s - 1067 = 2*g, g = s + 214. Is g prime?
True
Let q(p) = -28*p**3 + 4*p**2 - 13*p - 1. Is q(-6) a prime number?
True
Let c = 10720 - 6717. Is c a prime number?
True
Let r = 28 - 60. Suppose -m - 298 = -3*m - 2*l, l - 4 = 0. Let v = m - r. Is v prime?
False
Let x = 10 - 1. Let d = x - -3. Suppose -d*h - 388 = -16*h. Is h a prime number?
True
Let k = -8774 - -16527. Is k composite?
False
Let i(a) = a + 1291. Is i(0) prime?
True
Let r = 8 + -3. Suppose r*i = 3*p + 16 + 5, 4*p = -4*i + 4. Suppose -5*h + 401 = 4*s, i*h + 2*s = 8*h - 377. Is h prime?
False
Let h(g) be the first derivative of 9*g**4/4 - 5*g**3/3 + g**2 + 7*g + 9. Is h(3) composite?
False
Let h(m) = 23*m - 9. Let j(f) = -8*f + 3. Let i(z) = 3*h(z) + 8*j(z). Let r be i(8). Is (-6)/(-12)*2*r a composite number?
False
Let q(n) = 901*n**2 + 25*n + 67. Is q(-3) composite?
False
Let y(k) = 20*k**2 + 31*k - 77. Let b(a) = -5*a**2 - 8*a + 19. Let t(v) = -9*b(v) - 2*y(v). Is t(-11) a composite number?
True
Suppose 0 = -3*y - 6*y + 11349. Is y prime?
False
Suppose 132858 = 2*n + 4*v, -45114 = 2*n - 3*v - 177979. Is n prime?
True
Suppose 4*j = -i - 30, 3*i + 2*j = -2*i - 186. Let n = 74 + i. Suppose 0 = 2*z + n - 482. Is z a prime number?
True
Let k be (3/(-2))/((-18)/24). Is (-3)/(k + (-896)/298 - -1) a composite number?
True
Suppose -a - 5*a = -12. Is a*((-867)/(-6) + 2) composite?
False
Let b = 3135 + 4898. Is b composite?
True
Suppose 0 = -0*w + w + 1. Let o be (-2 + 3)/(0 - w). Is (-130)/(-5) - (-1 + o) a prime number?
False
Suppose 2*z - 464 - 294 = 0. Is z a composite number?
False
Let l = 30458 + -11169. Is l a prime number?
True
Let q = -14 + 18. Let l be (-217 + -1)*(-2)/q. Suppose m = -4*s + 1943, s - l - 382 = -2*m. Is s composite?
True
Let v = 25 + -22. Suppose -2*k + 2*m + 582 = 0, 0 = -4*m + v*m + 2. Is k composite?
False
Let b(s) = 9*s**3 - 11*s**2 + 8*s + 16. Let r be b(7). Suppose 1344 = 4*a - r. Is a a composite number?
False
Let x(t) = -t**3 + 8*t**2 - 7*t + 4. Let l be x(7). Suppose -5*f - l*f = -2385. Is f composite?
True
Suppose -3*m + 8*m + l - 57328 = 0, -m = 3*l - 11474. Is m a composite number?
True
Suppose -2*x = -3*x - 4. Let o(w) be the second derivative of -w**5/10 + w**3 + 5*w**2/2 + 81*w. Is o(x) a composite number?
False
Let x = -15 + 11. Let l(p) = -1. Let g(t) = -12*t**2 + 5*t + 7. Let v(i) = -g(i) - 6*l(i). Is v(x) a prime number?
True
Suppose 2780 + 4957 = 3*x. Is x composite?
False
Suppose -r + 1 = -5. Let f = -6 + r. Suppose -6*a + 8*a - 518 = f. Is a composite?
True
Let h(s) = -s**3 - 13*s**2 - 11*s + 14. Let w be h(-12). Suppose -w*f + 550 = -4*m - 88, -2*f - 3*m = -645. Is f + (-9)/((-18)/(-8)) prime?
True
Let f(n) = n**2 + n + 5. Let s be f(0). Suppose s*r = r + 5444. Is r composite?
False
Let a be 22/4*(3 + 0 + -1). Suppose -12*o + a*o = -391. Is o a prime number?
False
Let c(i) = -i + 18. Let h be c(6). Let w(n) = n**3 - 10*n**2 + 10*n - 11. Is w(h) prime?
True
Let x(f) = -25*f**2 - f - 5. Let r be x(-5). Let p = r + 923. Is p a composite number?
True
Let q(k) = 4*k**3 - k**2 + 4*k - 2. Let y(m) = 3*m**3 + m**2 - 1. Let r be y(1). Let x be q(r). Suppose n - x = -20. Is n a composite number?
False
Is (-5)/(20/(-65316)) + 1 + 3 a prime number?
True
Is (133617/(-55))/(-1 + 8/10) a prime number?
False
Let v(c) = 5208*c**2 - 7*c + 8. Is v(1) a prime number?
True
Let i be (-3)/(-1) + 5*2. Let l = i + -3. Suppose -3*y = l - 163. Is y composite?
True
Let n(m) = 52*m + 36. Let t be n(14). Suppose -122 + t = 2*i + 4*w, -5*i + 4*w + 1605 = 0. Is i a composite number?
True
Suppose a + 107717 = 2*i, -47996 = 4*i - 3*a - 263425. Is i composite?
False
Let u(c) = -c**3 + 2*c**2 + 5*c - 7. Let s(k) = -k**3 + k**2 + 3*k + 3. Let g be s(3). Is u(g) prime?
True
Suppose -2*t - 3*j = -98, -3*j - 31 = t - 2*t. Let f be (-1 - (-94)/6)/(1/3). Let c = t + f. Is c prime?
False
Let i be ((-21)/3)/(10/(-10130)). Let v = i + -4272. Is v composite?
False
Let k(i) be the second derivative of i**4/12 + i**3/3 + 63*i**2/2 - 6*i. Let d be k(0). Suppose 2*p - y + d = 4*p, -5*p + 158 = 3*y. Is p composite?
False
Suppose -u + 11 = -9. Suppose 2*n + 8 = 2*g + 5*n, -4*n = -2*g - u. Is (1 - -9)*(-37)/g a prime number?
False
Let q = 78530 - 40335. Is q composite?
True
Let c(o) = 340*o - 481. Is c(38) composite?
True
Let z be 2/(0 + -2 - -3). Let a = 147 + z. Is a prime?
True
Suppose 45*q - 37*q - 25144 = 0. Is q a composite number?
True
Let g = 32 + -29. Suppose 0*o - 1446 = -g*o. Suppose -4*b - o = -2*a, -3*b + 16 = 1. Is a composite?
False
Suppose 4*z = 6*z + 28. Is (-314)/((-1)/z*-4) a prime number?
False
Let d(a) = 2*a + 2. Let k be d(-2). Let b(u) = -4*u - 84 - 78 + 44*u**2 + 157. Is b(k) a composite number?
False
Let m = -116 + -68. Suppose 0 = -2*u + 2*y - 6*y + 146, -5*u = 4*y - 347. Let o = u - m. Is o composite?
False
Let y(z) = -z**3 + 7*z**2 + z - 5. Let r be y(7). Let o be 1 - -19 - r/2. Let a = o + 0. Is a composite?
False
Let j(w) = -3*w**3 - 4*w**2 - 11*w + 21. Let m be j(-11). Suppose 2*n + 2*n - m = -5*b, -10 = 2*b. Is n prime?
True
Let r(c) = 33*c + 7. Let a(i) = -65*i - 14. Let k(f) = -4*a(f) - 7*r(f). Let s(j) = -j**3 + 12*j**2 + 14*j - 5. Let m be s(13). Is k(m) composite?
False
Let m(y) = 14*y**2 + 13*y + 17. Is m(-6) a composite number?
False
Let l(p) = p**2 + 2*p + 6. Let d be l(0). Is (-2685)/(-35) - d/(-21) a prime number?
False
Let v(q) = 29*q**2 - 26*q - 43. Is v(12) composite?
False
Suppose 33*j + 328212 = 915150. Is j a composite number?
True
Suppose -4*h + 3*h + 18 = -2*v, -5*v - 25 = 0. Suppose -h = -0*k - 2*k. Suppose 428 = k*b - 608. Is b composite?
True
Suppose -7*t + 2*t + 6379 = 4*m, -4 = m. Suppose -2*c + t = -c + 2*x, x = 2*c - 2568. Is c prime?
True
Let z = 5485 - -15820. Is z a composite number?
True
Let x = -2248 + 2567. Is x composite?
True
Suppose 20 = -4*k - 0*k. Let j = k + 5. Is 173 - 9 - (j - -1) a prime number?
True
Suppose -8 = 2*m, -z + 0*m - 19 = 4*m. Is -4 + 1 - (-1115 - z) a prime number?
True
Let p be (-8)/(-20) + (-24615)/(-25). Is -6*(p/(-15) - -2) composite?
True
Let d(j) = j**3 - 6*j**2 - j - 5. Let m be d(7). Suppose 36*n + 2 = m*n. Suppose 9*u - 4*u - 19 = -n*z, z - 4*u = 3. Is z a composite number?
False
Suppose 14*z = 4*z - 7*z. Let g be ((-65)/1)/(2/(-22)). Suppose z*c - g = -5*c. Is c a composite number?
True
Is (-33404)/(-6)*-15*6/(-60) a composite number?
True
Let v(f) = -3*f**2 + 144*f - 53. Is v(46) a composite number?
False
Let s(m) = 41*m**2 + 18*m - 1. Suppose 0 = -2*o - 16 + 4. Is